(40/(-16) - -4) is divided by f?
3
Let d(a) = 38*a**2 + 147*a + 586. What is the remainder when d(-4) is divided by 148?
14
Calculate the remainder when (-4 - (35/(-28) + -2))*69824/(-24) is divided by 42.
40
Let k(t) = 20*t + 4388. What is the remainder when k(-81) is divided by 173?
0
Let o(t) = 7*t + 200. Let c be o(-28). What is the remainder when -1 + 182 + (-2 - -4) is divided by (22/(-33))/(c/(-222))?
35
Suppose n - 3 = -x - 0*x, 27 = 5*x - n. Suppose x*j - 128 = 4*k, -48 = 4*j + 4*k - 172. Calculate the remainder when -137*8/(-1 - 7) is divided by j.
25
Let c(t) = -2*t**3 + 78*t**2 - 281*t + 63. Suppose -307 - 120 = -h. Suppose -h - 13 = -4*g. What is the remainder when g is divided by c(35)?
26
Suppose 14 = -4*h - 2. Calculate the remainder when (-9 - h) + 127 + 5 is divided by (5 + -2)*256/24.
31
Calculate the remainder when -3*(-1 + 3) - 360/((-36)/9) is divided by 25.
9
Suppose 8*o - 1000 = -42*o. Calculate the remainder when 343 is divided by o.
3
Suppose -36*t + 499 = -1589. What is the remainder when 276 is divided by t?
44
Calculate the remainder when 437 is divided by ((-25)/(-10) + -3 + -2)*(-33 - 1).
12
Let h(x) = -3*x**2 - 19*x + 65. Let c be 12/9*15/(-2). Let z = 13 + c. Calculate the remainder when h(-8) is divided by z.
1
Suppose -3*t - 2*y + 0*y + 2902 = 0, -1937 = -2*t + y. Calculate the remainder when t is divided by 55.
33
Suppose 2*v + 6 = -3*b - v, -4*b + 4 = v. Suppose y = -4*z + 14 - 2, -b*z = -2*y + 24. Calculate the remainder when 24738/837 + (-4)/(-9) is divided by y.
6
What is the remainder when 205 is divided by (-18533)/(-688) - (-5)/240*3?
16
Let y(i) = 5*i**3 - 147*i**2 + 129*i - 40. Calculate the remainder when y(29) is divided by 145.
134
Suppose -t - 86 = -26*p + 21*p, 0 = p + t - 22. What is the remainder when 518 is divided by p?
14
Let p(z) = 5*z**3 + 83*z**2 + 9*z - 6. Calculate the remainder when p(-15) is divided by 11.
9
Suppose -64*f + 67*f - 144 = 0. Suppose -6*x + f = -6. What is the remainder when 29 is divided by x?
2
Let l(i) = i + 47. Let w be -5*3/((-15)/(-25)). Let z = 146 + -62. Calculate the remainder when z is divided by l(w).
18
Let o(v) = 3*v**2 - 2*v - 26. Suppose 3 = z, 0*z = 3*w + 2*z - 45. Calculate the remainder when o(-5) is divided by w.
7
Suppose 2*n - 3*t = -2*n + 1253, -15 = 5*t. Calculate the remainder when n is divided by (-1096)/(-2192)*2*(35 - 0).
31
Let r = 10887 - 10248. Calculate the remainder when r is divided by 117.
54
Let w be 1 + (3/(-2))/((-11)/22). Suppose -8*h = -w*h - 64. What is the remainder when h is divided by 2?
0
Calculate the remainder when 452/2*(-8 + 10) is divided by 23.
15
Let g = 675 + -323. Suppose 3*k - 614*n - 187 = -609*n, 242 = 4*k - 3*n. What is the remainder when g is divided by k?
57
Suppose -4*f - 79 + 15 = -6*h, 5*h + 4*f - 112 = 0. Let k = 153 + -43. Calculate the remainder when k is divided by h.
14
Let x(m) = -9*m**2 + 2*m + 97. Let y(h) = -58*h**2 + 12*h + 583. Let b(z) = -13*x(z) + 2*y(z). What is the remainder when b(-11) is divided by 26?
22
Suppose 3*r + 480 - 1077 = 0. What is the remainder when r is divided by 119?
80
Let r(y) = -y**2 + 33. Let f be r(5). Let d(n) = -5*n - 6*n + 12*n**2 + 19 + n**3 - f*n**2. Calculate the remainder when d(-6) is divided by 5.
3
Let m(i) = 126*i**3 + 1. Let d be m(1). Suppose -d = -5*x + 98. Suppose 5*t - k - 662 = 0, 17*k - 22*k - 142 = -t. What is the remainder when t is divided by x?
42
What is the remainder when 29/(4408/204117) + (-1)/(-8) is divided by 15?
8
Let y = 4961 + -4651. What is the remainder when 941 is divided by y?
11
Calculate the remainder when (-45)/(3/1) - -484 is divided by 106.
45
Suppose 0*n - 3*n = 5*h - 1469, 0 = 2*h + n - 587. Let o(i) = -7775*i + 101117. What is the remainder when h is divided by o(13)?
40
Let b = 2 + -3. Let y = b - -17. Suppose -4*v + 195 + 213 = 6*f, 0 = 5*v - 2*f - 339. Calculate the remainder when v is divided by y.
11
Let k(w) = 17*w**2 + 15*w + 24. Let x be k(-6). Let r = 633 - x. What is the remainder when r is divided by 4?
3
Let s(d) = -d**2 + 6*d + 4. Suppose -x + 8 = -5*q, -6*x + 2*q + 14 = -2*x. Suppose 5671 = 20*j + 78*j + 2143. What is the remainder when j is divided by s(x)?
10
Let x = 40 - 22. Suppose 102 = 7*g + 340. What is the remainder when x is divided by (-2)/6*(g + 1)?
7
Let n = -169 + 155. Calculate the remainder when n/(-28) + (-95)/(-2) is divided by 13.
9
Suppose 0 = 15*z - 6*z - 6003. What is the remainder when z is divided by 85?
72
Let k(g) = g**3 + 12*g**2 + 6*g + 13. Let h(y) = y**3 + 11*y**2 - 314*y + 40. Calculate the remainder when k(-8) is divided by h(13).
11
Let p(a) = -30*a - 3. What is the remainder when p(-5) is divided by (3 - 1)/(-2)*((-1428)/51 - 24)?
43
Suppose 63*d = 59*d + 16. Suppose -d*k = -3*m - 239, -67 = 3*k - 4*m - 248. What is the remainder when k is divided by 36?
23
Let m(d) be the first derivative of -4*d**2 - 12*d - 37. What is the remainder when m(-17) is divided by 84/(-16)*(-16)/6?
12
Suppose 0 = d - 22 - 20. Let t(k) = -7*k**2 - 62*k + 5. Calculate the remainder when t(-8) is divided by d.
11
Let n = 10000 - 9972. Calculate the remainder when 11562 is divided by n.
26
Let b(y) = -4*y**3 - 8*y**2 + y + 2. Let p be b(-2). Suppose p*n = -4*n + n. Suppose 7*z - 15*z + 256 = n. What is the remainder when z is divided by 11?
10
Let a = -139 - -147. Suppose 3*g - 3*z + 26 = -a*z, -105 = 5*g - 4*z. What is the remainder when 199 is divided by g*((-4)/4 - 2)?
46
Let h = -134 + 133. What is the remainder when 29 is divided by (14 + 16)*(2/(-4) - h)?
14
Let m(d) = 39*d**2 + 2*d - 1. Suppose -s - 1 = -5*s + 5*i, 0 = 4*s - 4*i - 8. What is the remainder when m(1) is divided by s?
4
Calculate the remainder when 61 is divided by 1336/45 + 200/450 - (-2)/(-15).
1
Suppose -17*q = -58*q + 1394. Suppose 0 = 2*b + c - 32, 21*b - 24*b - 5*c + q = 0. What is the remainder when 42 is divided by b?
6
Calculate the remainder when (-2 + -5 + 3)/((-8)/412 - 0) is divided by 96.
14
Let d = 3696 - 2615. Let l = -727 + d. What is the remainder when l is divided by 72?
66
Suppose -2*r - 1811 - 849 = 0. What is the remainder when 399 is divided by (-4)/38 - 53340/r?
39
Suppose -s + 17*s - 5376 = 0. Suppose -s = 197*k - 205*k. What is the remainder when 209 is divided by k?
41
Let z = 6 - 3. Suppose 5*h - 167 = -m, -m - 31 = z*h - 132. Let r = -111 + 275. What is the remainder when r is divided by h?
32
Let r be 66/14 + (-23)/(-7) + -3. Suppose r - 12 = -h. What is the remainder when 60 is divided by h?
4
Let b be (69/(-4))/((-2)/8). Suppose 2*r + 1989 = -0*r - 37*r. Let x = r + b. Calculate the remainder when 70 is divided by x.
16
Suppose -5724446 - 503375 - 1734107 = -507*r. What is the remainder when r is divided by 9?
8
Let j(i) = -i**3 - 7*i**2 + 5*i - 10. Let v(c) = 435*c - 14792. What is the remainder when v(35) is divided by j(-8)?
13
Let z(l) = -3*l - 43. What is the remainder when 697/4 + (-1 - (-3)/4) is divided by z(-29)?
42
Let c = -233 - -254. Let z(b) = 15*b - 295. What is the remainder when 117 is divided by z(c)?
17
Suppose 0 = -v + 2 - 0. Suppose -h - 2*m - 8 = -4*h, v*h = -3*m + 1. Suppose h*l - 15 = 13. Calculate the remainder when 69 is divided by l.
13
Suppose -6*y + 4 = -5*y. Let p = -81 + 89. Suppose 0 = -p*l + 7*l + 11. Calculate the remainder when l is divided by y.
3
Suppose 2278 + 1183 = 50*z + 461. What is the remainder when 82 is divided by z?
22
Let w = -5574 - -20133. Calculate the remainder when w is divided by 26.
25
Suppose -31*r + 104 = -5*r. Calculate the remainder when (-590)/(-2) - (-9 - (-8 + r)) is divided by 76.
72
What is the remainder when 2772 is divided by (757/2271)/(1/75)?
22
Suppose 0 = -4*b + 4*f + 10876, -3*b + 8*b = -5*f + 13545. Suppose 17*n - 40*n = -b. Calculate the remainder when n is divided by 62.
56
Let j = -129 + 217. Let d = j - 73. Let y(u) = 42*u**2 + 2*u + 2. Calculate the remainder when y(-1) is divided by d.
12
Let m(l) = l**3 + 28*l**2 - 2*l - 41. Let y be m(-28). Calculate the remainder when 52 is divided by ((-29)/(-3))/(5/y).
23
Suppose 2*l - 238 = -3*l + 4*u, l - u - 47 = 0. What is the remainder when 57 is divided by l?
7
Let u = 676 - 1049. Let k = u - -404. What is the remainder when 152 is divided by k?
28
Suppose -3*p = 9, -n - 3*p = -5*